{"id":12,"date":"2023-02-18T17:51:23","date_gmt":"2023-02-18T17:51:23","guid":{"rendered":"https:\/\/webtestinglink.com\/beta\/sourabhgupta\/?page_id=12"},"modified":"2026-01-09T20:56:04","modified_gmt":"2026-01-09T20:56:04","slug":"my-blog","status":"publish","type":"page","link":"https:\/\/webtestinglink.com\/beta\/sourabhgupta\/my-blog\/","title":{"rendered":"My Blog"},"content":{"rendered":"<p>F\u00fcr Studierende, die Unterst\u00fctzung bei akademischen Arbeiten ben\u00f6tigen, kann es hilfreich sein, eine <a href=\"https:\/\/seminararbeit-schreiben-lassen.com\/\" style=\"text-decoration: none !important; color: inherit !important;\">seminararbeit schreiben lassen<\/a> in Anspruch zu nehmen, um die Qualit\u00e4t und Effizienz zu steigern.<\/p>\n","protected":false},"excerpt":{"rendered":"<p>F\u00fcr Studierende, die Unterst\u00fctzung bei akademischen Arbeiten ben\u00f6tigen, kann es hilfreich sein, eine seminararbeit schreiben lassen in Anspruch zu nehmen, um die Qualit\u00e4t und Effizienz zu steigern.<\/p>\n","protected":false},"author":1,"featured_media":201,"parent":0,"menu_order":0,"comment_status":"closed","ping_status":"closed","template":"blog.php","meta":{"_acf_changed":false,"footnotes":""},"class_list":["post-12","page","type-page","status-publish","has-post-thumbnail","hentry"],"acf":[],"_links":{"self":[{"href":"https:\/\/webtestinglink.com\/beta\/sourabhgupta\/wp-json\/wp\/v2\/pages\/12","targetHints":{"allow":["GET"]}}],"collection":[{"href":"https:\/\/webtestinglink.com\/beta\/sourabhgupta\/wp-json\/wp\/v2\/pages"}],"about":[{"href":"https:\/\/webtestinglink.com\/beta\/sourabhgupta\/wp-json\/wp\/v2\/types\/page"}],"author":[{"embeddable":true,"href":"https:\/\/webtestinglink.com\/beta\/sourabhgupta\/wp-json\/wp\/v2\/users\/1"}],"replies":[{"embeddable":true,"href":"https:\/\/webtestinglink.com\/beta\/sourabhgupta\/wp-json\/wp\/v2\/comments?post=12"}],"version-history":[{"count":2,"href":"https:\/\/webtestinglink.com\/beta\/sourabhgupta\/wp-json\/wp\/v2\/pages\/12\/revisions"}],"predecessor-version":[{"id":733,"href":"https:\/\/webtestinglink.com\/beta\/sourabhgupta\/wp-json\/wp\/v2\/pages\/12\/revisions\/733"}],"wp:featuredmedia":[{"embeddable":true,"href":"https:\/\/webtestinglink.com\/beta\/sourabhgupta\/wp-json\/wp\/v2\/media\/201"}],"wp:attachment":[{"href":"https:\/\/webtestinglink.com\/beta\/sourabhgupta\/wp-json\/wp\/v2\/media?parent=12"}],"curies":[{"name":"wp","href":"https:\/\/api.w.org\/{rel}","templated":true}]}}